 + 0. List the prime factors of a(3).
29
Let n = 66 - -23. What are the prime factors of n?
89
Let w(k) = -k. Let q(b) = -2*b**2 + b. Suppose -u - 2*u - 17 = r, -5*r - 5 = -u. Let t be q(r). What are the prime factors of w(t)?
2, 5
Let c be ((-2)/4)/((-4)/8). Let i = 11 + c. List the prime factors of i.
2, 3
Suppose 4*a - 6*a = 18. Let c(i) = i**3 + 10*i**2 + 9*i + 3. Let s be c(a). Suppose 5*r - 40 - 34 = s*u, -r = -5*u - 28. List the prime factors of r.
13
Let b(i) = -2*i - 4. Let x be b(-3). Suppose -18 - 2 = -x*t. What are the prime factors of t?
2, 5
Suppose 11*h + 684 = 15*h. What are the prime factors of h?
3, 19
Suppose -5*w + 8 = -27. Suppose -200 = 3*z - w*z. What are the prime factors of z?
2, 5
Suppose 3*h + g + 2*g = 36, -3*h - g = -32. Let w = h - 7. Suppose 43 = w*k - 2. List the prime factors of k.
3, 5
Let a(g) = -5*g - 6. Let q be a(-6). Suppose 4 = c + 1. Suppose 0 = l + c*l - q. What are the prime factors of l?
2, 3
Let b(t) = 10*t**2 - 4*t + 3. Suppose -5*q + 10 + 0 = 0. List the prime factors of b(q).
5, 7
Let j(f) = -f**3 - 10*f**2 + 11*f + 13. List the prime factors of j(-13).
13, 29
Let o be (-12)/(-4) - (-2 + -1). List the prime factors of (-84)/9*(-9)/o.
2, 7
Suppose -69 - 110 = -t. List the prime factors of t.
179
Suppose -460 = -0*l - 4*l. Suppose 2*c - 2*i = 16, 2*c + 4*i + 2 = 6. What are the prime factors of l/15 - (-2)/c?
2
Suppose -5*l + 80 = 5. List the prime factors of l.
3, 5
Suppose 0 = 3*x - 14 - 7. Suppose 5 + x = 4*q. Suppose 0 = -q*k + z + 56, 4*k - 4*z - 52 = 20. What are the prime factors of k?
19
Let h(v) = v**3 - 3*v**2 - 6*v + 4. Let l be h(4). Let i(n) be the second derivative of -2*n**3/3 - 2*n**2 - 9*n. What are the prime factors of i(l)?
2, 3
List the prime factors of 4/(-18) + 1282/18.
71
Let s = -111 + 188. What are the prime factors of s?
7, 11
Let v(m) = 3*m - 4. Let g be v(3). Suppose g + 6 = i. List the prime factors of i.
11
Let o(b) = b**3 - b**2 + 2*b. Suppose -3*s = -0*s + 5*w + 9, -2 = 2*s + 2*w. What are the prime factors of o(s)?
2
Let m = 5 - 3. Let l(w) = m*w - w - 4*w - 2. What are the prime factors of l(-4)?
2, 5
Let f(c) = c**3 + 8*c**2 + 8*c + 9. Let j be f(-7). Suppose 4 + j = 2*t. Suppose -2*h - 4*q = 0, -t*h + 4*h - 4*q = 30. List the prime factors of h.
2, 5
Let z = -2 - 3. Let d(i) = -3*i + 3. What are the prime factors of d(z)?
2, 3
Suppose n + 2*p = 156, -14 = -n - 5*p + 133. What are the prime factors of n?
2, 3
Let f(y) = -4 + 0*y - 2*y - 2*y + 6*y. What are the prime factors of f(16)?
2, 7
Let c(y) = -2*y**3 - 2*y**2 - 3*y - 1. Let p be (-16)/(-12)*(-3)/2. Let n be c(p). Suppose -4*s + n = -31. What are the prime factors of s?
11
Suppose -5*u + 9*u = 452. List the prime factors of u.
113
Suppose z + 11 = 2*z. Suppose 4*o - z - 1 = 0. List the prime factors of o.
3
Let s = 135 - 50. Let k = s - 15. Suppose -k = -3*q - 16. List the prime factors of q.
2, 3
Suppose 0*f - 73 = -f. Let b be (0/1 - -2) + f. Suppose 35 = 5*a - b. List the prime factors of a.
2, 11
Suppose -4*f = -5*f + 3*v - 4, -2*v + 40 = 4*f. Let s be 3/2*f/6. Suppose -3*t + 15 = 3*h, -2*h - 2*h = -5*t - s. List the prime factors of h.
3
Let i = -264 + 460. What are the prime factors of i?
2, 7
Suppose -d + 2 = -2. Suppose s + d = 6. List the prime factors of s.
2
Suppose -4*l - 2*w = -76, 3*l - 2*w - 86 = -15. What are the prime factors of l?
3, 7
Suppose -23 = -z - 5*v, 3*z + 2*v = 8 + 9. Suppose -l - 2*l = z*k + 60, 2*l - 65 = 5*k. Let w = k + 21. What are the prime factors of w?
2, 3
Suppose 5*a = 3*u + 7, -2*a = -3*u - 4 + 3. Suppose -a*d + 32 = -0. What are the prime factors of d?
2
Let p = 48 - 30. List the prime factors of p.
2, 3
Let o be (6/9*6)/(-1). Let p(x) = -x**3 - 2*x**2 + 6*x + 3. List the prime factors of p(o).
11
Let p = -16 - -23. Let l = p + -7. List the prime factors of -1 - 12/(l + -1).
11
Let p = 138 + -80. List the prime factors of p.
2, 29
Let q(o) = o**3 + 5*o**2 + o + 3. Let z be q(-5). Let w be (-17)/z - 6/(-4). Let v = -4 + w. What are the prime factors of v?
2, 3
Suppose 0 = 2*u + 3*p - 24, u = 4*p - p + 30. Suppose -n + k = 5*k - u, -3*k + 6 = 0. What are the prime factors of n?
2, 5
Let p(h) be the second derivative of h**4/12 + h**3 - 3*h**2/2 + 4*h. Let t be p(-6). What are the prime factors of 3 + t*(-3)/9?
2
Let u(d) = -d**3 + d**2 - 1. Let q be u(-1). Suppose -2*p + q + 5 = l, -3*p = l - 6. List the prime factors of l.
2, 3
Suppose 16 = 9*z - 5*z. Suppose z*c - 3*h - 156 = 0, 5*c - 127 = 4*h + 69. What are the prime factors of c?
2, 3
Suppose 4*c = c + 15. Let w(o) = 2*o + 1. Let m be w(2). Suppose l + h = c + m, -3*l + 34 = 4*h. List the prime factors of l.
2, 3
Suppose 0 = 5*t - 10*t + 295. List the prime factors of t.
59
Suppose -4*f - 29 = -3*x, 5*x + 2*f - 2 = 3. Suppose 3 = -x*b + 45. What are the prime factors of b?
2, 7
Suppose -4*a + 24 + 4 = 0. Let w = a + 6. What are the prime factors of w?
13
Let k(o) = -12*o. What are the prime factors of k(-3)?
2, 3
Let l(x) = x**2 - 8*x - 6. Let q be l(9). Suppose 2*t - 4 = 0, 6*u + 2*t - 49 = q*u. List the prime factors of 3/u*-14*-5.
2, 7
Suppose 3*t - 10 = -2*t. Suppose -3*r = 5*k - 28, -k + t*k = 2. Suppose 18 = 4*g - 4*n - r, 4*n - 21 = -5*g. What are the prime factors of g?
5
Let u(t) = -t**2 + 15*t + 7. What are the prime factors of u(15)?
7
Suppose -211 = -11*b + 10*b. List the prime factors of b.
211
Let g(d) be the first derivative of 7*d**4/4 - d**3/3 + d**2 - d + 3. What are the prime factors of g(1)?
7
Let r = 7 + -4. Suppose -d - v = -8, r*d - v = -2*v + 34. What are the prime factors of d?
13
Let s = -96 + 343. What are the prime factors of s?
13, 19
Suppose -4*v + 84 = 3*x, -2*v = -3*x + 24 + 60. List the prime factors of x.
2, 7
Let w be 54/4*(2 + 0). Suppose 0 = -2*k + 2*f - 14, 3*k + 2*f = 3*f - w. What are the prime factors of (12/20)/((-1)/k)?
2, 3
Let r(w) = 6*w - 4 - 5*w**2 - 1 + 0*w**3 + w**3. Let u be r(4). Suppose u*g = -g + 16. List the prime factors of g.
2
Suppose -4*y + 308 = -2*l, 0 = -y + 5*l + 59 + 36. What are the prime factors of y?
3, 5
Let l = -110 - -112. List the prime factors of l.
2
Let k be (0 + 7 + 0)*1. Suppose k*p = 2*p + 15. What are the prime factors of p?
3
Suppose 2*r + 3*n - 10 = 0, -4*r + n + 0 = -6. Let c be ((-7)/(-14))/(r/8). Suppose -c*b = b - 33. What are the prime factors of b?
11
Let s(n) = -n**3 - 7*n**2 - 6*n + 4. Suppose 0 = 4*f - f + 18. Let g be s(f). Suppose -3*r = g*c - 86, -4*r - 1 = -9. List the prime factors of c.
2, 5
Suppose 0 = -f - 5*r + 24 + 54, -5*r + 252 = 4*f. What are the prime factors of f?
2, 29
Suppose 0 = 2*k - 0*k + 4*p - 84, -2*k = 2*p - 88. List the prime factors of k.
2, 23
Let t(l) = l**3 + 3*l**2 - 2*l + 1. What are the prime factors of t(-3)?
7
Let i(a) = -a**3 + a - 12. Let z be i(0). Let x = 17 + z. Suppose 4*d + d = -2*c + 8, -x*d + 16 = 4*c. What are the prime factors of c?
2
Let c be (-4)/14 + (-26)/(-91). List the prime factors of 45 - (c - -1)*1.
2, 11
Suppose 0 = -5*k + 10, z + 2*z + 5*k = 94. What are the prime factors of (z*-1)/(-2) + -3?
11
Let v(x) = -x**3 + 8*x**2 + 8*x + 11. What are the prime factors of v(7)?
2, 29
Let z(m) = -2*m + 4. Let j be z(-5). Let i = -11 + j. What are the prime factors of i?
3
Let y be -6 - -9 - -3*1. List the prime factors of (-4 + y)*6/2.
2, 3
Suppose 8*j - 190 = 3*j. List the prime factors of j.
2, 19
Suppose 3 = -n + 6. Let r be -1 + (-1 - -5)*2. Suppose -3*v = -3*t + 21, r = -5*t - n*v + 42. List the prime factors of t.
7
Let q(m) = m**2 + 2*m + 121. List the prime factors of q(0).
11
Let s(l) = -l**3 + 13*l**2 + l - 10. Let b be s(12). Suppose 5*y + 2*x - 164 + 30 = 0, -5*y + 2*x = -b. List the prime factors of y.
2, 7
Let z(c) = c**3 - 2*c**2 - 3*c + 4. Let s be z(-3). Let b = 53 + s. List the prime factors of b.
3, 7
Suppose a - 116 = f - 35, -315 = -4*a + f. List the prime factors of a.
2, 3, 13
Let d = -58 - -117. What are the prime factors of d?
59
Let m = 17 - 1. List the prime factors of 0 + (-2)/2 + m.
3, 5
Suppose 5*d + 50 - 245 = 0. What are the prime factors of d?
3, 13
Let q = -2 + 2. Let y = q + 12. List the prime factors of ((-2)/4)/((-3)/y).
2
Let h(x) = -x + 9. Let p be h(7). What are the prime factors of ((-496)/(-40))/(p/5)?
31
Suppose 4*u - 3*z + 6*z = -6, 2*u -